. Suppose 35*h - 5080 - 3950 = 0. What is the highest common divisor of j and h?
43
Let u = 6626 + -6508. Calculate the greatest common factor of 4897 and u.
59
Let p = 906 + -618. Suppose -3368 = 7*v - 165*v + 1688. Calculate the greatest common divisor of p and v.
32
Suppose 0 = 3*x + n - 30, 2*x - 5*n + 24 = 3*x. Suppose 99*w = 69*w + 270. Calculate the highest common divisor of x and w.
9
Suppose -15776 - 4930 = -58*r. What is the highest common factor of r and 1632?
51
Let a = 1012 + -996. Calculate the highest common divisor of a and 976.
16
Let a = 246 + -261. Let d(p) = -11*p + 122. Let n be d(a). What is the greatest common factor of n and 41?
41
Suppose -3*a + 3 = -9, j = a - 7. Let g be (-125)/15 + 8 + (-70)/j. What is the greatest common factor of g and 23?
23
Let o be (1/(-2))/((-4)/224). Suppose -5*t + 4*h + 992 = 0, -4*h - 133 = 2*t - 513. Calculate the greatest common factor of t and o.
28
Suppose 88 = -5*u + 3*u. Let m = u + 65. Let o(i) = 278*i + 5922. Let n be o(-21). Calculate the highest common factor of n and m.
21
Suppose 9*f - 12*f + 529 = -239. Calculate the greatest common factor of f and 1984.
64
Suppose 0 = -5*g - u + 14, -3*g - 6 = 5*u - 32. Suppose -5*c + g*p + 888 = 0, 13*c + 3*p - 692 = 9*c. What is the greatest common divisor of c and 66?
22
Suppose -852 = -9*h + 6*h + 3*k, -854 = -3*h + k. Suppose h - 5 = 4*m. What is the highest common divisor of m and 42?
14
Let h(r) = -r**2 - 239*r - 1380. Let t be h(-233). Suppose o = -3*o + 192. What is the highest common divisor of o and t?
6
Let x be (21/14)/((-3)/(-372)). Let u = x - 171. What is the highest common divisor of u and 915?
15
Let w = -4276 + 4637. What is the greatest common factor of w and 95?
19
Let n be 2*2/(-4) + 4/1. Let b be (20 + 62)*(n - -2). Calculate the highest common factor of 20 and b.
10
Suppose -14133 = -18*b - 4341. Suppose 16*m + b = 2176. Calculate the highest common factor of m and 357.
51
Let z be -4*3485/(-100) - 2/5. Let x(s) = -2*s**2 - s + 6. Let q be x(5). Let h = q + z. What is the greatest common divisor of 30 and h?
30
Let v be ((-4)/(-8))/(-1)*-20. Calculate the highest common divisor of 945 and v.
5
Let s = 5788 - -6546. Calculate the greatest common divisor of 14 and s.
14
Let v(x) = x**2 - 26*x - 75. Let a be v(29). Suppose l - 1 = a. Calculate the highest common divisor of 377 and l.
13
Suppose 0 = -4*o + 5*o - 35. Let d = -994 + 1022. What is the highest common divisor of d and o?
7
Let n(j) = j + 20. Let s(i) = -3*i - 41. Let w(a) = 7*n(a) + 4*s(a). Let z be w(-9). Calculate the highest common factor of z and 14.
7
Let j be (-51)/(-51)*4*1 - 111/(-1). What is the greatest common factor of 20 and j?
5
Let t = -7490 + 8610. What is the greatest common factor of t and 80?
80
Suppose 0 = -384*r + 180834 + 860574. What is the highest common divisor of 1243 and r?
113
Let k be 16/8*(0 + -20)*-5. Let w be 2075/k - (-6)/(-16). Calculate the highest common factor of 95 and w.
5
Let q = -3186 - -3538. Calculate the highest common factor of 220 and q.
44
Let l(v) = 4*v + 1649. Let t be l(39). Calculate the greatest common factor of 57 and t.
19
Suppose 0 = -43*a + 67*a - 13248. Calculate the greatest common factor of a and 207.
69
Let l(i) = 209*i**2 - 759*i + 12. Let p be l(7). What is the highest common divisor of 780 and p?
260
Suppose 0 = 2*v - 8*v. Suppose -483 = 3*g + 3*k, g - k + 130 + 29 = v. Let d be ((-4)/5)/(328/g + 2). Calculate the greatest common divisor of d and 16.
16
Suppose 24*p = 29*p + 25. Let i be (-1 - -2 - p) + -3. Calculate the highest common divisor of i and 6.
3
Let k be (-4 - (-24)/14)/((-3)/(189/18)). What is the greatest common divisor of 6056 and k?
8
Suppose g + 2*t = 22, -3*g = t + 33 - 119. Let p be -1 + 31*(-1 + 2). What is the greatest common divisor of p and g?
30
Let k be (21/(-9))/((-5)/15). Suppose -2 + k = u. Suppose 4*n - 104 = 2*x, 28 = n + n + u*x. What is the highest common divisor of n and 24?
24
Suppose -4*b + 5*k = 2 - 0, -4*k = 8. Let d be -6 + -5 - (b - 0). Let j(a) = -a**2 - 7*a + 10. Let y be j(d). What is the greatest common factor of y and 5?
1
Suppose 11*m - 20 = 13. Let k be m - ((-3)/(0 + -3) + -25). Calculate the highest common divisor of 9 and k.
9
Let u(d) = 8*d + 339. Let f be u(-43). Let r be 1/((-8)/(-536)) - f. What is the highest common factor of r and 72?
72
Let b be 1654/23 - (7 - (-2119)/(-299)). What is the highest common divisor of b and 2691?
9
Suppose 8*j - 10*j = -12. Let u be (-8 + j)*6/(-4). Suppose 4*i + u*q - 274 = 0, i - 47 = -2*q + 19. Calculate the highest common factor of 105 and i.
35
Suppose -3147*h - q + 51 = -3145*h, -2*h + 23 = 5*q. Suppose v + 497 = z, 2*z - 5*v + 9 = 1015. What is the greatest common factor of z and h?
29
Let q be 0/3 + (86 - -4). Let z be ((-330)/(-231))/(-1 + (-129)/(-126)). Calculate the highest common divisor of z and q.
30
Let c = -3410 + 3448. What is the greatest common factor of 26 and c?
2
Let y be (6/27)/1 - (-1537200)/810. Calculate the greatest common factor of 26 and y.
26
Let h(v) = v**2 + 54*v - 1389. Let q be h(21). Suppose -4*y - 30 = -u - 2*u, 2*u = -5*y - 3. What is the greatest common factor of u and q?
6
Suppose -17*n = 33*n - 12250. What is the highest common factor of n and 539?
49
Let z = 10869 + -5594. Calculate the highest common divisor of z and 25.
25
Let m(l) = -l**3 + 6*l**2 + 7*l + 42. Let g be m(5). Calculate the highest common divisor of g and 4794.
102
Let w be 72*((-3)/2)/(-3). Let p be (7/6 - 1) + 18655/210. Let u = -77 + p. What is the highest common factor of u and w?
12
Let u = -7 - 1. Let q be (9/12)/((-3)/u). Suppose 0*i - d - 14 = -q*i, 0 = -d + 4. Calculate the highest common factor of 81 and i.
9
Let o(h) = h**3 + 6*h**2 - h. Let y be o(-3). Let a(w) = -w**2 + 142*w + 3179. Let k be a(-19). Calculate the greatest common divisor of k and y.
30
Let i = 370 - -782. What is the highest common divisor of i and 36?
36
Suppose -2*h + 1920 = 3*h. Let s = -1407 - -1455. What is the greatest common divisor of h and s?
48
Suppose -3*d + 4*d = -11*d + 6048. What is the greatest common divisor of d and 792?
72
Suppose h - 135 = -2*i, 15 = h - 6*h. Suppose 3*l + 14 = -o + i, -3*o + 165 = -3*l. Suppose -o + 71 = 4*t. Calculate the greatest common factor of 36 and t.
4
Let l = 352 + 449. Suppose 0 = 9*t - l + 261. Calculate the greatest common factor of t and 135.
15
Let n(l) = l**3 + 15*l**2 + 35*l - 12. Let f be n(-10). Suppose 8*q = 542 + f. What is the greatest common factor of 15 and q?
5
Suppose -90334 = -43*g + 12*g. Calculate the greatest common factor of g and 186.
62
Let n be (-372)/15 - (-4 + (-63)/(-15)). Let c be 4/(8/n)*(6 + -22). What is the greatest common divisor of 80 and c?
40
Suppose 0 = 1592*r - 1623*r + 125273 + 59580. What is the greatest common divisor of r and 89?
89
Let b = 806 - -998. What is the highest common factor of 132 and b?
44
Suppose -2822*d = -2814*d - 8. Let j = 73 - 52. What is the greatest common divisor of d and j?
1
Suppose 93*z = -14*z + 16478. What is the highest common factor of 1771 and z?
77
Let m be (5 + 7)/((-3)/(-198)). Suppose -2*d + 5*d - 33 = 0. What is the highest common factor of d and m?
11
Suppose -4*s = 2*q - 928, 5*q = 4*q + 3*s + 449. Suppose q = 37*m - 541. What is the highest common factor of m and 567?
27
Let o = 91 - 83. Suppose -3*q - 25 = -o*q. Suppose -x - 3*k = -16, -43 - 54 = -4*x - k. What is the highest common factor of x and q?
5
Let s(q) = 5*q + 43. Let v(l) = -6*l - 43. Let g(p) = 5*s(p) + 4*v(p). Let j be g(-10). Suppose -2*d + 28 = -38. What is the greatest common divisor of j and d?
33
Let y = -18003 + 33038. What is the highest common factor of y and 155?
155
Let l = 441 + -309. Suppose 74*v = 63*v + l. Calculate the greatest common divisor of v and 96.
12
Suppose 84*s - 263*s + 123*s + 784 = 0. What is the highest common divisor of s and 98?
14
Let w(a) = -195*a + 16. Let r be w(-3). Suppose -m - 5*t + r = 0, -3*t - 352 + 961 = m. Calculate the greatest common factor of 46 and m.
23
Suppose -14*o = 76*o - 14400. Suppose 2*w - 1 - 3 = 0. Suppose 5*n + 4*a + a - 340 = 0, -312 = -5*n + w*a. What is the greatest common divisor of o and n?
32
Suppose 448*q = 438*q + 10. Calculate the highest common factor of 2 and q.
1
Let g